{"id":1302,"date":"2021-05-11T15:20:12","date_gmt":"2021-05-11T13:20:12","guid":{"rendered":"https:\/\/jeunes-pousses.neoweb-staging.com\/?page_id=1302"},"modified":"2024-04-11T15:24:40","modified_gmt":"2024-04-11T13:24:40","slug":"le-programme","status":"publish","type":"page","link":"https:\/\/www.reseau-alliances.org\/jeunes-pousses\/le-programme\/","title":{"rendered":"Le programme"},"content":{"rendered":"\t\t<div data-elementor-type=\"wp-page\" data-elementor-id=\"1302\" class=\"elementor elementor-1302\">\n\t\t\t\t\t\t<section class=\"elementor-section elementor-top-section elementor-element elementor-element-2c79197 elementor-section-boxed elementor-section-height-default elementor-section-height-default\" data-id=\"2c79197\" data-element_type=\"section\">\n\t\t\t\t\t\t<div class=\"elementor-container elementor-column-gap-default\">\n\t\t\t\t\t<div class=\"elementor-column elementor-col-100 elementor-top-column elementor-element elementor-element-d42d615\" data-id=\"d42d615\" data-element_type=\"column\">\n\t\t\t<div class=\"elementor-widget-wrap elementor-element-populated\">\n\t\t\t\t\t\t<div class=\"elementor-element elementor-element-3886f74 elementor-widget elementor-widget-heading\" data-id=\"3886f74\" data-element_type=\"widget\" data-widget_type=\"heading.default\">\n\t\t\t\t<div class=\"elementor-widget-container\">\n\t\t\t<h2 class=\"elementor-heading-title elementor-size-default\">PROGRAMME \u00ab FUTURS ENTREPRENEURS RESPONSABLES \u00bb : CONSTRUIRE SON PROJET SUR LES BASES D'UN MOD\u00c8LE \u00c9CONOMIQUE DURABLE ET RESPONSABLE<\/h2>\t\t<\/div>\n\t\t\t\t<\/div>\n\t\t\t\t\t<\/div>\n\t\t<\/div>\n\t\t\t\t\t<\/div>\n\t\t<\/section>\n\t\t\t\t<section class=\"elementor-section elementor-top-section elementor-element elementor-element-406ef10 elementor-section-boxed elementor-section-height-default elementor-section-height-default\" data-id=\"406ef10\" data-element_type=\"section\">\n\t\t\t\t\t\t<div class=\"elementor-container elementor-column-gap-default\">\n\t\t\t\t\t<div class=\"elementor-column elementor-col-66 elementor-top-column elementor-element elementor-element-69f4262\" data-id=\"69f4262\" data-element_type=\"column\">\n\t\t\t<div class=\"elementor-widget-wrap elementor-element-populated\">\n\t\t\t\t\t\t<div class=\"elementor-element elementor-element-52dc94a elementor-widget elementor-widget-text-editor\" data-id=\"52dc94a\" data-element_type=\"widget\" data-widget_type=\"text-editor.default\">\n\t\t\t\t<div class=\"elementor-widget-container\">\n\t\t\t\t\t\t\t<p>R\u00e9seau Alliances accompagne les entrepreneurs dans l\u2019\u00e9laboration de leur mod\u00e8le \u00e9conomique responsable.<\/p><p>Ce parcours, d\u2019une dur\u00e9e de 6 mois, se structure autour de quatre ateliers collectifs et deux rendez-vous de coaching individuel.<\/p><p>Les ateliers collectifs, permettent de construire et de consolider les bases du mod\u00e8le \u00e9conomique, en inscrivant l\u2019impact social et environnemental au c\u0153ur du projet d\u2019entreprise tout en s\u2019appuyant sur l\u2019innovation.<\/p><p>Effets miroir, outils, travail en groupe : les ateliers permettent \u00e0 chacun de travailler sur son projet entrepreneurial tout en tirant parti de la dynamique de groupe.<\/p><p>Ces temps d\u2019\u00e9change sont propices au partage, \u00e0 l\u2019entraide et \u00e0 l\u2019\u00e9mulation, dans une ambiance bienveillante. Les rendez-vous individuels apportent un \u00e9clairage plus personnalis\u00e9 sur les sujets abord\u00e9s en ateliers.<\/p>\t\t\t\t\t\t<\/div>\n\t\t\t\t<\/div>\n\t\t\t\t\t<\/div>\n\t\t<\/div>\n\t\t\t\t<div class=\"elementor-column elementor-col-33 elementor-top-column elementor-element elementor-element-d92adfe\" data-id=\"d92adfe\" data-element_type=\"column\">\n\t\t\t<div class=\"elementor-widget-wrap elementor-element-populated\">\n\t\t\t\t\t\t<div class=\"elementor-element elementor-element-59bed1a elementor-widget elementor-widget-image\" data-id=\"59bed1a\" data-element_type=\"widget\" data-widget_type=\"image.default\">\n\t\t\t\t<div class=\"elementor-widget-container\">\n\t\t\t\t\t\t\t\t\t\t\t\t\t<img fetchpriority=\"high\" decoding=\"async\" width=\"250\" height=\"250\" src=\"https:\/\/www.reseau-alliances.org\/jeunes-pousses\/wp-content\/uploads\/2021\/04\/accompagner-2-250x250.png\" class=\"attachment-thumbnail size-thumbnail wp-image-1020\" alt=\"\" srcset=\"https:\/\/www.reseau-alliances.org\/jeunes-pousses\/wp-content\/uploads\/2021\/04\/accompagner-2-250x250.png 250w, https:\/\/www.reseau-alliances.org\/jeunes-pousses\/wp-content\/uploads\/2021\/04\/accompagner-2.png 700w\" sizes=\"(max-width: 250px) 100vw, 250px\" \/>\t\t\t\t\t\t\t\t\t\t\t\t\t<\/div>\n\t\t\t\t<\/div>\n\t\t\t\t\t<\/div>\n\t\t<\/div>\n\t\t\t\t\t<\/div>\n\t\t<\/section>\n\t\t\t\t<section class=\"elementor-section elementor-top-section elementor-element elementor-element-4ba9588 elementor-section-boxed elementor-section-height-default elementor-section-height-default\" data-id=\"4ba9588\" data-element_type=\"section\">\n\t\t\t\t\t\t<div class=\"elementor-container elementor-column-gap-default\">\n\t\t\t\t\t<div class=\"elementor-column elementor-col-100 elementor-top-column elementor-element elementor-element-17bf42e\" data-id=\"17bf42e\" data-element_type=\"column\">\n\t\t\t<div class=\"elementor-widget-wrap elementor-element-populated\">\n\t\t\t\t\t\t<div class=\"elementor-element elementor-element-88b117b elementor-widget elementor-widget-heading\" data-id=\"88b117b\" data-element_type=\"widget\" data-widget_type=\"heading.default\">\n\t\t\t\t<div class=\"elementor-widget-container\">\n\t\t\t<h3 class=\"elementor-heading-title elementor-size-default\">Les points cl\u00e9s du parcours : <\/h3>\t\t<\/div>\n\t\t\t\t<\/div>\n\t\t\t\t<div class=\"elementor-element elementor-element-4615763 elementor-widget elementor-widget-text-editor\" data-id=\"4615763\" data-element_type=\"widget\" data-widget_type=\"text-editor.default\">\n\t\t\t\t<div class=\"elementor-widget-container\">\n\t\t\t\t\t\t\t<ul><li>La mission et la proposition de valeur<\/li><li>L\u2019impact territorial<\/li><li>L\u2019\u00e9cosyst\u00e8me<\/li><li>La coop\u00e9ration<\/li><li>Les activit\u00e9s cl\u00e9s<\/li><li>Le mod\u00e8le d\u2019affaire responsable<\/li><\/ul><p>Savant m\u00e9lange entre <a href=\"https:\/\/www.sobizhub.org\/innovation-sociale\" target=\"_blank\" rel=\"noopener\">l\u2019innovation sociale<\/a> et <a href=\"https:\/\/www.reseau-alliances.org\/ressources-rse\/rse-en-video-reseau-alliances\/1330-c-est-quoi-l-economie-de-la-fonctionnalite-et-de-la-cooperation\" target=\"_blank\" rel=\"noopener\">l\u2019\u00e9conomie de la fonctionnalit\u00e9 et de la coop\u00e9ration<\/a>, Le parcours vous permettra d\u2019acqu\u00e9rir les bases afin de faire \u00e9voluer votre entreprise de mani\u00e8re p\u00e9renne, cr\u00e9er de l\u2019impact positif et d\u00e9velopper l\u2019ancrage avec votre \u00e9cosyst\u00e8me.<\/p>\t\t\t\t\t\t<\/div>\n\t\t\t\t<\/div>\n\t\t\t\t<div class=\"elementor-element elementor-element-9066519 elementor-widget elementor-widget-spacer\" data-id=\"9066519\" data-element_type=\"widget\" data-widget_type=\"spacer.default\">\n\t\t\t\t<div class=\"elementor-widget-container\">\n\t\t\t\t\t<div class=\"elementor-spacer\">\n\t\t\t<div class=\"elementor-spacer-inner\"><\/div>\n\t\t<\/div>\n\t\t\t\t<\/div>\n\t\t\t\t<\/div>\n\t\t\t\t\t<\/div>\n\t\t<\/div>\n\t\t\t\t\t<\/div>\n\t\t<\/section>\n\t\t\t\t<section class=\"elementor-section elementor-top-section elementor-element elementor-element-d28ce7b elementor-section-boxed elementor-section-height-default elementor-section-height-default\" data-id=\"d28ce7b\" data-element_type=\"section\">\n\t\t\t\t\t\t<div class=\"elementor-container elementor-column-gap-default\">\n\t\t\t\t\t<div class=\"elementor-column elementor-col-100 elementor-top-column elementor-element elementor-element-61accc0\" data-id=\"61accc0\" data-element_type=\"column\">\n\t\t\t<div class=\"elementor-widget-wrap elementor-element-populated\">\n\t\t\t\t\t\t<div class=\"elementor-element elementor-element-3f17031 elementor-align-center elementor-button-default elementor-widget elementor-widget-custom-block-button\" data-id=\"3f17031\" data-element_type=\"widget\" data-widget_type=\"custom-block-button.default\">\n\t\t\t\t<div class=\"elementor-widget-container\">\n\t\t\t\t\t<div class=\"elementor-button-wrapper\">\n\t\t\t<a href=\"https:\/\/www.reseau-alliances.org\/jeunes-pousses\/nous-contacter\/\" class=\"elementor-button elementor-button-default elementor-size-md\" role=\"button\">\n\t\t\t\t\t\t<span class=\"elementor-button-content-wrapper\">\n\t\t\t\t\t\t<span class=\"elementor-button-text\">Vous souhaitez rejoindre le programme ? Contactez-nous !<\/span>\n\t\t<\/span>\n\t\t\t\t\t<\/a>\n\t\t<\/div>\n\t\t\t\t<\/div>\n\t\t\t\t<\/div>\n\t\t\t\t\t<\/div>\n\t\t<\/div>\n\t\t\t\t\t<\/div>\n\t\t<\/section>\n\t\t\t\t<\/div>\n\t\t","protected":false},"excerpt":{"rendered":"<p>PROGRAMME \u00ab FUTURS ENTREPRENEURS RESPONSABLES \u00bb : CONSTRUIRE SON PROJET SUR LES BASES D&rsquo;UN MOD\u00c8LE \u00c9CONOMIQUE DURABLE ET RESPONSABLE R\u00e9seau Alliances accompagne les entrepreneurs dans l\u2019\u00e9laboration de leur mod\u00e8le \u00e9conomique&hellip;<\/p>\n<div class=\"readmore\"><a href=\"https:\/\/www.reseau-alliances.org\/jeunes-pousses\/le-programme\/\" title=\"Le programme\" rel=\"nofollow\"  ><\/a><\/div>","protected":false},"author":4,"featured_media":1331,"parent":0,"menu_order":0,"comment_status":"closed","ping_status":"closed","template":"","meta":{"_acf_changed":false,"footnotes":""},"class_list":["post-1302","page","type-page","status-publish","has-post-thumbnail","hentry"],"acf":[],"yoast_head":"<!-- This site is optimized with the Yoast SEO plugin v23.8 - https:\/\/yoast.com\/wordpress\/plugins\/seo\/ -->\n<title>Le programme - R\u00e9seau Alliances - Jeunes Pousses<\/title>\n<meta name=\"robots\" content=\"index, follow, max-snippet:-1, max-image-preview:large, max-video-preview:-1\" \/>\n<link rel=\"canonical\" href=\"https:\/\/www.reseau-alliances.org\/jeunes-pousses\/le-programme\/\" \/>\n<meta property=\"og:locale\" content=\"fr_FR\" \/>\n<meta property=\"og:type\" content=\"article\" \/>\n<meta property=\"og:title\" content=\"Le programme - R\u00e9seau Alliances - Jeunes Pousses\" \/>\n<meta property=\"og:description\" content=\"PROGRAMME \u00ab FUTURS ENTREPRENEURS RESPONSABLES \u00bb : CONSTRUIRE SON PROJET SUR LES BASES D&rsquo;UN MOD\u00c8LE \u00c9CONOMIQUE DURABLE ET RESPONSABLE R\u00e9seau Alliances accompagne les entrepreneurs dans l\u2019\u00e9laboration de leur mod\u00e8le \u00e9conomique&hellip;\" \/>\n<meta property=\"og:url\" content=\"https:\/\/www.reseau-alliances.org\/jeunes-pousses\/le-programme\/\" \/>\n<meta property=\"og:site_name\" content=\"R\u00e9seau Alliances - Jeunes Pousses\" \/>\n<meta property=\"article:modified_time\" content=\"2024-04-11T13:24:40+00:00\" \/>\n<meta property=\"og:image\" content=\"https:\/\/www.reseau-alliances.org\/jeunes-pousses\/wp-content\/uploads\/2021\/05\/Promo-2019-1-e1620821746605.jpg\" \/>\n\t<meta property=\"og:image:width\" content=\"957\" \/>\n\t<meta property=\"og:image:height\" content=\"388\" \/>\n\t<meta property=\"og:image:type\" content=\"image\/jpeg\" \/>\n<meta name=\"twitter:card\" content=\"summary_large_image\" \/>\n<meta name=\"twitter:label1\" content=\"Dur\u00e9e de lecture estim\u00e9e\" \/>\n\t<meta name=\"twitter:data1\" content=\"2 minutes\" \/>\n<script type=\"application\/ld+json\" class=\"yoast-schema-graph\">{\"@context\":\"https:\/\/schema.org\",\"@graph\":[{\"@type\":\"WebPage\",\"@id\":\"https:\/\/www.reseau-alliances.org\/jeunes-pousses\/le-programme\/\",\"url\":\"https:\/\/www.reseau-alliances.org\/jeunes-pousses\/le-programme\/\",\"name\":\"Le programme - R\u00e9seau Alliances - Jeunes Pousses\",\"isPartOf\":{\"@id\":\"https:\/\/www.reseau-alliances.org\/jeunes-pousses\/#website\"},\"primaryImageOfPage\":{\"@id\":\"https:\/\/www.reseau-alliances.org\/jeunes-pousses\/le-programme\/#primaryimage\"},\"image\":{\"@id\":\"https:\/\/www.reseau-alliances.org\/jeunes-pousses\/le-programme\/#primaryimage\"},\"thumbnailUrl\":\"https:\/\/www.reseau-alliances.org\/jeunes-pousses\/wp-content\/uploads\/2021\/05\/Promo-2019-1-e1620821746605.jpg\",\"datePublished\":\"2021-05-11T13:20:12+00:00\",\"dateModified\":\"2024-04-11T13:24:40+00:00\",\"breadcrumb\":{\"@id\":\"https:\/\/www.reseau-alliances.org\/jeunes-pousses\/le-programme\/#breadcrumb\"},\"inLanguage\":\"fr-FR\",\"potentialAction\":[{\"@type\":\"ReadAction\",\"target\":[\"https:\/\/www.reseau-alliances.org\/jeunes-pousses\/le-programme\/\"]}]},{\"@type\":\"ImageObject\",\"inLanguage\":\"fr-FR\",\"@id\":\"https:\/\/www.reseau-alliances.org\/jeunes-pousses\/le-programme\/#primaryimage\",\"url\":\"https:\/\/www.reseau-alliances.org\/jeunes-pousses\/wp-content\/uploads\/2021\/05\/Promo-2019-1-e1620821746605.jpg\",\"contentUrl\":\"https:\/\/www.reseau-alliances.org\/jeunes-pousses\/wp-content\/uploads\/2021\/05\/Promo-2019-1-e1620821746605.jpg\",\"width\":957,\"height\":388},{\"@type\":\"BreadcrumbList\",\"@id\":\"https:\/\/www.reseau-alliances.org\/jeunes-pousses\/le-programme\/#breadcrumb\",\"itemListElement\":[{\"@type\":\"ListItem\",\"position\":1,\"name\":\"Accueil\",\"item\":\"https:\/\/www.reseau-alliances.org\/jeunes-pousses\/\"},{\"@type\":\"ListItem\",\"position\":2,\"name\":\"Le programme\"}]},{\"@type\":\"WebSite\",\"@id\":\"https:\/\/www.reseau-alliances.org\/jeunes-pousses\/#website\",\"url\":\"https:\/\/www.reseau-alliances.org\/jeunes-pousses\/\",\"name\":\"R\u00e9seau Alliances - Jeunes Pousses\",\"description\":\"Le programme d\u2019accompagnement  \u00e0 destination des Jeunes Entrepreneurs  Responsables en Hauts-de-France\",\"publisher\":{\"@id\":\"https:\/\/www.reseau-alliances.org\/jeunes-pousses\/#organization\"},\"potentialAction\":[{\"@type\":\"SearchAction\",\"target\":{\"@type\":\"EntryPoint\",\"urlTemplate\":\"https:\/\/www.reseau-alliances.org\/jeunes-pousses\/?s={search_term_string}\"},\"query-input\":{\"@type\":\"PropertyValueSpecification\",\"valueRequired\":true,\"valueName\":\"search_term_string\"}}],\"inLanguage\":\"fr-FR\"},{\"@type\":\"Organization\",\"@id\":\"https:\/\/www.reseau-alliances.org\/jeunes-pousses\/#organization\",\"name\":\"R\u00e9seau Alliances - Jeunes Pousses\",\"url\":\"https:\/\/www.reseau-alliances.org\/jeunes-pousses\/\",\"logo\":{\"@type\":\"ImageObject\",\"inLanguage\":\"fr-FR\",\"@id\":\"https:\/\/www.reseau-alliances.org\/jeunes-pousses\/#\/schema\/logo\/image\/\",\"url\":\"https:\/\/www.reseau-alliances.org\/jeunes-pousses\/wp-content\/uploads\/2021\/04\/cropped-logo-rajp-white.png\",\"contentUrl\":\"https:\/\/www.reseau-alliances.org\/jeunes-pousses\/wp-content\/uploads\/2021\/04\/cropped-logo-rajp-white.png\",\"width\":1000,\"height\":400,\"caption\":\"R\u00e9seau Alliances - Jeunes Pousses\"},\"image\":{\"@id\":\"https:\/\/www.reseau-alliances.org\/jeunes-pousses\/#\/schema\/logo\/image\/\"}}]}<\/script>\n<!-- \/ Yoast SEO plugin. -->","yoast_head_json":{"title":"Le programme - R\u00e9seau Alliances - Jeunes Pousses","robots":{"index":"index","follow":"follow","max-snippet":"max-snippet:-1","max-image-preview":"max-image-preview:large","max-video-preview":"max-video-preview:-1"},"canonical":"https:\/\/www.reseau-alliances.org\/jeunes-pousses\/le-programme\/","og_locale":"fr_FR","og_type":"article","og_title":"Le programme - R\u00e9seau Alliances - Jeunes Pousses","og_description":"PROGRAMME \u00ab FUTURS ENTREPRENEURS RESPONSABLES \u00bb : CONSTRUIRE SON PROJET SUR LES BASES D&rsquo;UN MOD\u00c8LE \u00c9CONOMIQUE DURABLE ET RESPONSABLE R\u00e9seau Alliances accompagne les entrepreneurs dans l\u2019\u00e9laboration de leur mod\u00e8le \u00e9conomique&hellip;","og_url":"https:\/\/www.reseau-alliances.org\/jeunes-pousses\/le-programme\/","og_site_name":"R\u00e9seau Alliances - Jeunes Pousses","article_modified_time":"2024-04-11T13:24:40+00:00","og_image":[{"width":957,"height":388,"url":"https:\/\/www.reseau-alliances.org\/jeunes-pousses\/wp-content\/uploads\/2021\/05\/Promo-2019-1-e1620821746605.jpg","type":"image\/jpeg"}],"twitter_card":"summary_large_image","twitter_misc":{"Dur\u00e9e de lecture estim\u00e9e":"2 minutes"},"schema":{"@context":"https:\/\/schema.org","@graph":[{"@type":"WebPage","@id":"https:\/\/www.reseau-alliances.org\/jeunes-pousses\/le-programme\/","url":"https:\/\/www.reseau-alliances.org\/jeunes-pousses\/le-programme\/","name":"Le programme - R\u00e9seau Alliances - Jeunes Pousses","isPartOf":{"@id":"https:\/\/www.reseau-alliances.org\/jeunes-pousses\/#website"},"primaryImageOfPage":{"@id":"https:\/\/www.reseau-alliances.org\/jeunes-pousses\/le-programme\/#primaryimage"},"image":{"@id":"https:\/\/www.reseau-alliances.org\/jeunes-pousses\/le-programme\/#primaryimage"},"thumbnailUrl":"https:\/\/www.reseau-alliances.org\/jeunes-pousses\/wp-content\/uploads\/2021\/05\/Promo-2019-1-e1620821746605.jpg","datePublished":"2021-05-11T13:20:12+00:00","dateModified":"2024-04-11T13:24:40+00:00","breadcrumb":{"@id":"https:\/\/www.reseau-alliances.org\/jeunes-pousses\/le-programme\/#breadcrumb"},"inLanguage":"fr-FR","potentialAction":[{"@type":"ReadAction","target":["https:\/\/www.reseau-alliances.org\/jeunes-pousses\/le-programme\/"]}]},{"@type":"ImageObject","inLanguage":"fr-FR","@id":"https:\/\/www.reseau-alliances.org\/jeunes-pousses\/le-programme\/#primaryimage","url":"https:\/\/www.reseau-alliances.org\/jeunes-pousses\/wp-content\/uploads\/2021\/05\/Promo-2019-1-e1620821746605.jpg","contentUrl":"https:\/\/www.reseau-alliances.org\/jeunes-pousses\/wp-content\/uploads\/2021\/05\/Promo-2019-1-e1620821746605.jpg","width":957,"height":388},{"@type":"BreadcrumbList","@id":"https:\/\/www.reseau-alliances.org\/jeunes-pousses\/le-programme\/#breadcrumb","itemListElement":[{"@type":"ListItem","position":1,"name":"Accueil","item":"https:\/\/www.reseau-alliances.org\/jeunes-pousses\/"},{"@type":"ListItem","position":2,"name":"Le programme"}]},{"@type":"WebSite","@id":"https:\/\/www.reseau-alliances.org\/jeunes-pousses\/#website","url":"https:\/\/www.reseau-alliances.org\/jeunes-pousses\/","name":"R\u00e9seau Alliances - Jeunes Pousses","description":"Le programme d\u2019accompagnement  \u00e0 destination des Jeunes Entrepreneurs  Responsables en Hauts-de-France","publisher":{"@id":"https:\/\/www.reseau-alliances.org\/jeunes-pousses\/#organization"},"potentialAction":[{"@type":"SearchAction","target":{"@type":"EntryPoint","urlTemplate":"https:\/\/www.reseau-alliances.org\/jeunes-pousses\/?s={search_term_string}"},"query-input":{"@type":"PropertyValueSpecification","valueRequired":true,"valueName":"search_term_string"}}],"inLanguage":"fr-FR"},{"@type":"Organization","@id":"https:\/\/www.reseau-alliances.org\/jeunes-pousses\/#organization","name":"R\u00e9seau Alliances - Jeunes Pousses","url":"https:\/\/www.reseau-alliances.org\/jeunes-pousses\/","logo":{"@type":"ImageObject","inLanguage":"fr-FR","@id":"https:\/\/www.reseau-alliances.org\/jeunes-pousses\/#\/schema\/logo\/image\/","url":"https:\/\/www.reseau-alliances.org\/jeunes-pousses\/wp-content\/uploads\/2021\/04\/cropped-logo-rajp-white.png","contentUrl":"https:\/\/www.reseau-alliances.org\/jeunes-pousses\/wp-content\/uploads\/2021\/04\/cropped-logo-rajp-white.png","width":1000,"height":400,"caption":"R\u00e9seau Alliances - Jeunes Pousses"},"image":{"@id":"https:\/\/www.reseau-alliances.org\/jeunes-pousses\/#\/schema\/logo\/image\/"}}]}},"_links":{"self":[{"href":"https:\/\/www.reseau-alliances.org\/jeunes-pousses\/wp-json\/wp\/v2\/pages\/1302","targetHints":{"allow":["GET"]}}],"collection":[{"href":"https:\/\/www.reseau-alliances.org\/jeunes-pousses\/wp-json\/wp\/v2\/pages"}],"about":[{"href":"https:\/\/www.reseau-alliances.org\/jeunes-pousses\/wp-json\/wp\/v2\/types\/page"}],"author":[{"embeddable":true,"href":"https:\/\/www.reseau-alliances.org\/jeunes-pousses\/wp-json\/wp\/v2\/users\/4"}],"replies":[{"embeddable":true,"href":"https:\/\/www.reseau-alliances.org\/jeunes-pousses\/wp-json\/wp\/v2\/comments?post=1302"}],"version-history":[{"count":5,"href":"https:\/\/www.reseau-alliances.org\/jeunes-pousses\/wp-json\/wp\/v2\/pages\/1302\/revisions"}],"predecessor-version":[{"id":1727,"href":"https:\/\/www.reseau-alliances.org\/jeunes-pousses\/wp-json\/wp\/v2\/pages\/1302\/revisions\/1727"}],"wp:featuredmedia":[{"embeddable":true,"href":"https:\/\/www.reseau-alliances.org\/jeunes-pousses\/wp-json\/wp\/v2\/media\/1331"}],"wp:attachment":[{"href":"https:\/\/www.reseau-alliances.org\/jeunes-pousses\/wp-json\/wp\/v2\/media?parent=1302"}],"curies":[{"name":"wp","href":"https:\/\/api.w.org\/{rel}","templated":true}]}}